t p(n) = -n**2 - 35*n - 219. Give p(-8).
-3
Let u(b) = 141*b + 10004. What is u(-70)?
134
Let w(v) = 4*v**3 - 36*v**2 + 29*v + 34. Calculate w(8).
10
Let o(z) = -29*z**3 + 172*z**2 - 57*z + 394. What is o(6)?
-20
Let z(j) = -45*j + 636. What is z(14)?
6
Let p(r) = r**3 - 5*r**2 - 12*r + 14. Calculate p(7).
28
Let a(x) = 130*x - 253. What is a(2)?
7
Let a(p) = 858*p + 3433. Determine a(-4).
1
Let g(n) = -n**3 - 68*n**2 - 259*n - 200. Determine g(-64).
-8
Let g(f) = -278*f + 5291. What is g(19)?
9
Let p(u) = 2*u**3 - 14*u**2 - 620*u + 673. What is p(21)?
1
Let j(t) = 2205*t + 44109. Give j(-20).
9
Let t(i) = i**3 - 12*i**2 - 283*i + 60. Determine t(-12).
0
Let r(p) = -p**3 - 15*p**2 - 31*p + 4. Calculate r(-3).
-11
Let f(p) = p**2 + 58*p + 567. What is f(-13)?
-18
Let r(p) = p**2 - 10*p - 805. Determine r(-24).
11
Let w(n) = n + 512. Give w(0).
512
Let o(l) = 2*l**2 - 748*l + 5839. What is o(8)?
-17
Let y(g) = -13*g - 35. What is y(1)?
-48
Let b(q) = 6146*q - 36865. Determine b(6).
11
Let y(v) = -286*v**2 + 862*v - 4. Calculate y(3).
8
Let p(u) = 92*u - 12757. Calculate p(139).
31
Let q(x) = x**3 + 29*x**2 - 138*x - 164. Determine q(-33).
34
Let s(a) = 15*a + 238. Calculate s(-10).
88
Let c(f) = f**2 + 10*f - 1339. Give c(32).
5
Let z(u) = -25*u - 80. Determine z(-6).
70
Let s(y) = 100*y + 432. Give s(-4).
32
Let l(j) = -j**3 + 49*j**2 + 11*j - 97. Give l(49).
442
Let f(y) = 667*y**2 - 17*y + 15. Determine f(1).
665
Let c(z) = -z**2 - 57*z - 463. Give c(-47).
7
Let a(j) = 21*j**2 + j - 15. What is a(-3)?
171
Let a(n) = -n**2 - 4*n + 108. Determine a(-26).
-464
Let d(s) = -139*s + 584. Calculate d(4).
28
Let z(m) = -2*m**3 - 189*m**2 + 288*m - 8. Give z(-96).
-8
Let g(z) = -35*z**2 + 18*z - 55. Calculate g(2).
-159
Let l(y) = -y**3 - 220*y**2 - 5040*y + 766. Give l(-194).
-10
Let z(p) = 110*p + 1591. What is z(-10)?
491
Let q(k) = -51*k + 5112. What is q(100)?
12
Let f(i) = -3*i**2 + 175*i + 949. Give f(63).
67
Let n(j) = -j**3 - 15*j**2 - 11*j + 1. Calculate n(-14).
-41
Let z(o) = -410*o + 5658. Calculate z(14).
-82
Let c(s) = -25*s + 2446. Give c(76).
546
Let b(g) = g**3 + 5*g**2 + 376*g + 1836. Determine b(-5).
-44
Let r(l) = 36*l**2 + 1658*l - 19. What is r(-46)?
-111
Let o(z) = -75*z - 2960. What is o(-39)?
-35
Let q(w) = w**3 + 20*w**2 + 39*w + 69. Give q(-18).
15
Let z(o) = o**3 + 6*o**2 + 48*o + 388. Calculate z(-7).
3
Let w(k) = k**3 + 42*k**2 - 6*k - 495. Give w(-42).
-243
Let f(c) = c**3 - 158*c + 151. Calculate f(-13).
8
Let x(r) = r**3 - 33*r**2 + 6*r. Give x(33).
198
Let a(x) = 20*x - 297. Give a(15).
3
Let l(j) = j**3 - 21*j**2 - 174*j + 2453. Calculate l(24).
5
Let m(o) = -2*o**3 + 94*o**2 - 95*o + 123. Give m(46).
-15
Let z(f) = -279*f - 1954. Give z(-7).
-1
Let a(x) = -4*x + 58. Give a(21).
-26
Let v(s) = -5*s + 19. Give v(-4).
39
Let v(x) = -x**2 - 132*x - 1665. Calculate v(-15).
90
Let s(y) = 22*y**3 + 88*y**2 + 3*y - 3. Calculate s(-4).
-15
Let s(v) = -57*v**2 - 45*v + 47. Determine s(1).
-55
Let o(r) = -r**3 - 11*r**2 - 19*r + 51. Determine o(-5).
-4
Let k(h) = -246*h + 984. Give k(4).
0
Let w(t) = 27*t**3 - 2*t**2 + 32*t - 103. What is w(3)?
704
Let s(i) = -106*i + 30. What is s(2)?
-182
Let k(m) = -4*m**2 - 2*m + 29. What is k(-8)?
-211
Let t(n) = -n**3 - 14*n + 85. Calculate t(0).
85
Let r(u) = -4*u**2 + 42*u + 16. What is r(7)?
114
Let l(z) = -z**2 - 16*z - 107. What is l(-12)?
-59
Let j(m) = -26*m - 464. Determine j(-18).
4
Let i(x) = -13*x**2 - 9*x + 1. What is i(-1)?
-3
Let w(b) = -65*b - 777. Calculate w(-10).
-127
Let s(o) = 1351*o + 86465. Calculate s(-64).
1
Let t(g) = -51*g - 883. Give t(-19).
86
Let v(f) = -f**3 - 9*f**2 - 17*f - 75. Give v(-7).
-54
Let j(x) = x**3 + 23*x**2 + 26*x + 99. Determine j(-22).
11
Let x(p) = -p**2 + 35*p - 142. Give x(34).
-108
Let u(a) = 33*a - 72. Determine u(3).
27
Let w(k) = 67*k + 39. What is w(-2)?
-95
Let g(m) = m**3 + 14*m**2 - 146*m + 20. Determine g(-21).
-1
Let p(x) = -197*x - 8066. Calculate p(-41).
11
Let p(f) = -f**3 - 26*f**2 - 124*f - 43. Give p(-6).
-19
Let p(t) = 32*t**2 - 75*t - 62. Determine p(3).
1
Let f(o) = 10350*o - 62102. Give f(6).
-2
Let g(p) = -p**3 - 24*p**2 + p + 31. Determine g(-24).
7
Let l(n) = 4*n - 304. Calculate l(83).
28
Let j(w) = 4*w + 69. Give j(-3).
57
Let h(r) = r**3 - 36*r**2 - 201*r + 29. Calculate h(-5).
9
Let w(z) = -97*z + 5993. Calculate w(60).
173
Let o(w) = 319*w + 41471. Give o(-130).
1
Let a(o) = 4*o - 233. Determine a(0).
-233
Let q(k) = -111*k - 23. Give q(0).
-23
Let u(d) = 2*d**3 + 37*d**2 - 37*d + 458. What is u(-20)?
-2
Let j(f) = f**3 - 12*f**2 - 43*f - 63. Determine j(15).
-33
Let g(a) = -a**2 - 1862*a - 22189. Give g(-12).
11
Let m(l) = -2*l**3 + 53*l**2 - 25*l - 29. What is m(26)?
-3
Let u(k) = k**2 - 26*k - 450. Give u(38).
6
Let t(a) = -18*a + 50. What is t(4)?
-22
Let l(p) = p**3 - 8*p**2 + 73*p - 455. Calculate l(7).
7
Let v(j) = 304*j - 29757. Calculate v(98).
35
Let g(n) = -60*n - 167. What is g(4)?
-407
Let y(s) = -2*s**3 - 6*s - 59. What is y(0)?
-59
Let m(f) = 12*f + 407. Determine m(-37).
-37
Let t(c) = 125*c + 119. What is t(-1)?
-6
Let u(h) = -h**2 - 36*h + 107. Give u(-39).
-10
Let x(j) = 285*j + 3705. What is x(-13)?
0
Let v(s) = -214*s - 4255. What is v(-20)?
25
Let b(f) = -f**3 - 41*f**2 + 4*f + 178. What is b(-41)?
14
Let b(n) = -3*n**2 + 69*n + 1. Calculate b(23).
1
Let l(w) = -w**3 - 4*w**2 + w - 462. What is l(0)?
-462
Let s(u) = 4*u**2 + 106*u - 713. Calculate s(-32).
-9
Let b(y) = 2*y**2 - 152*y + 701. Determine b(5).
-9
Let x(s) = 2*s**3 - 66*s**2 + 63*s + 38. Give x(32).
6
Let h(o) = -o**2 + 47*o - 529. Calculate h(27).
11
Let s(j) = j**2 - 88*j - 1265. Calculate s(99).
-176
Let f(m) = -2*m**3 - 12*m**2 - 4*m + 7. Calculate f(-8).
295
Let p(z) = z**3 - 50*z**2 + 52*z - 146. Determine p(49).
1
Let k(y) = -5*y**2 - 97*y + 184. What is k(-21)?
16
Let o(t) = -t**3 - 7*t**2 + 44*t + 150. Give o(-10).
10
Let q(v) = -48*v**2 + 37*v - 30. Give q(3).
-351
Let a(i) = 89*i**3 + 2*i**2 + 12*i + 18. Determine a(-2).
-710
Let z(b) = 3*b**3 - 60*b**2 - 86*b + 35. Calculate z(21).
-448
Let b(j) = 32*j - 848. Determine b(35).
272
Let l(i) = 5*i**2 + 17*i + 76. What is l(-6)?
154
Let w(n) = -n**3 + n**2 - 449*n - 25. Determine w(0).
-25
Let g(t) = 32*t**3 - 350*t**2 - 20*t - 65. Give g(11).
-43
Let h(q) = -2*q**3 - 134*q**2 + 69. What is h(-67)?
69
Let r(u) = -27*u + 2348. Give r(88).
-28
Let m(o) = 2*o + 84. What is m(3)?
90
Let d(f) = -f**3 + 28*f**2 - 55*f + 66. What is d(26)?
-12
Let w(b) = b**2 - 91*b + 1712. Determine w(70).
242
Let r(o) = -o**3 + 9*o**2 + 58*o - 76. Determine r(13).
2
Let y(d) = -8*d**3 + 23*d - 41. Determine y(2).
-59
Let p(l) = 8*l**3 + 6*l**2 - 23*l - 11. What is p(3)?
190
Let r(x) = -6*x - 30. What is r(-7)?
12
Let u(f) = 28*f**3 - 27*f - 28. What is u(-1)?
-29
Let x(j) = 9*j**2 + 142*j - 2. Determine x(-17).
185
Let q(l) = -57*l - 104. Determine q(1).
-161
Let a(m) = 83*m + 2149. What is a(-26)?
-9
Let a(p) = 3*p**2 + 10*p - 25. Determine a(2).
7
Let x(a) = -a**2 + 40*a - 166. Give x(34).
38
Let w(a) = 2*a**2 - 73*a + 339. Give w(31).
-2
Let y(z) = 2*z + 66. Give y(-24).
18
Let l(s) = -1112*s**3 + 8*s**2 - 9. What is l(1)?
-1113
Let q(l) = 19*l + 337. Determine q(-18).
-5
Let j(i) = -7*i**3 - 6*i**2 + 8. Calculate j(0).
8
Let a(h) = -h**2 + 23*h + 83. Give a(-8).
-165
Let h(o) = 14*o + 28. Calculate h(3).
70
Let w(v) = v**2 - 58*v + 802. Give w(23).
-3
Let f(k) = -5*k**2 + 146*k + 1019. Determine f(35).
4
Let j(i) = -94*i - 2372. Give j(-25).
-22
Let a(c) = 6*c**3 + 562*c**2 - 190*c - 191. Give a(-94).
-3
Let d(u) = -u**2 + 12*u + 288. Calculate d(24).
0
Let u(f) = 1943*f - 11653. What is u(6)?
5
Let r(i) = 410*i - 14340. Give r(35).
10
Let f(d) = -d**2 - 8*d + 474. Determine f(-26).
6
Let x(a) = 36*a - 342. Calculate x(17).
270
Let j(y) = -y**2 - 293*y + 4300. Give j(14).
2
Let f(h) = -h**2 - 67*h + 777. Determine f(-77).
7
Let s(k) = -k**2 + 114*k - 3142. Give s(67).
7
Let d(t) = -3*t**2 + 12*t + 796. Give d(24).
-644
Let g(x) = -42*x**2 - 4*x + 3. What is g(-3)?
-363
Let w(g) = -129*g + 2362. Calculate w(17).
169
Let s(a) = 9*a - 495. Give s(-27).
-738
Let d(w) = w**2 + 71*w - 2517. Determine d(26).
5
Let i(r) = -94*r + 1547. Give i(16).
43
Let g(l) = 10*l**2 - 290*l - 64. Determin